{"id":1366,"date":"2023-10-17T20:56:29","date_gmt":"2023-10-17T18:56:29","guid":{"rendered":"http:\/\/enduro-premium.com\/xinix\/?page_id=1366"},"modified":"2023-10-18T14:30:31","modified_gmt":"2023-10-18T12:30:31","slug":"comparaison","status":"publish","type":"page","link":"https:\/\/enduro-premium.com\/xinix\/index.php\/about\/comparaison\/","title":{"rendered":"Comparaison"},"content":{"rendered":"\n<div class=\"wp-block-cover has-parallax has-x-large-font-size\" style=\"min-height:350px;aspect-ratio:unset;\"><span aria-hidden=\"true\" class=\"wp-block-cover__background has-black-background-color has-background-dim-20 has-background-dim\"><\/span><div role=\"img\" class=\"wp-block-cover__image-background wp-image-1354 has-parallax\" style=\"background-position:50% 50%;background-image:url(http:\/\/enduro-premium.com\/xinix\/wp-content\/uploads\/2023\/10\/headers-clients-scaled.jpg)\"><\/div><div class=\"wp-block-cover__inner-container is-layout-constrained wp-block-cover-is-layout-constrained\">\n<p class=\"has-text-align-center has-white-color has-text-color has-x-large-font-size\"><strong>COMPARAISON<\/strong><\/p>\n<\/div><\/div>\n\n\n\n<div style=\"height:50px\" aria-hidden=\"true\" class=\"wp-block-spacer\"><\/div>\n\n\n\n<div class=\"wp-block-columns is-layout-flex wp-container-core-columns-is-layout-9d6595d7 wp-block-columns-is-layout-flex\">\n<div class=\"wp-block-column is-layout-flow wp-block-column-is-layout-flow\" style=\"flex-basis:25%\"><\/div>\n\n\n\n<div class=\"wp-block-column is-layout-flow wp-block-column-is-layout-flow\" style=\"flex-basis:50%\">\n<h3 class=\"wp-block-heading has-black-color has-text-color\">Quelle est la diff\u00e9rence entre Xinix et les autres produits ?<\/h3>\n\n\n\n<p class=\"has-black-color has-text-color\"><strong>Inactive TOUTES les bact\u00e9ries, virus et champignons.<\/strong><\/p>\n\n\n\n<p class=\"has-black-color has-text-color\"><strong>Eau XINIX FreeBact\u00ae<\/strong> | <strong>Drink &amp;<\/strong> <strong>Tank<br><\/strong>La grande diff\u00e9rence entre notre produit et, par exemple, ceux \u00e0 base de chlore, est qu&rsquo;avec l&rsquo;eau Xinix FreeBact, vous n&rsquo;obtenez qu&rsquo;une quantit\u00e9 \u00e0 peine tra\u00e7able de sel ordinaire comme produit r\u00e9siduel.<\/p>\n\n\n\n<p><strong><\/strong>La d\u00e9sinfection de l\u2019eau et des surfaces <strong>\u00e0 base de chlore prend du temps. <\/strong>Les bact\u00e9ries peuvent \u00e9galement d\u00e9velopper une r\u00e9sistance au chlore. Il n\u00e9cessite \u00e9galement une quantit\u00e9 de chlore nettement plus importante que le dioxyde de chlore pr\u00e9sent dans les produits Xinix.<\/p>\n\n\n\n<p class=\"has-black-color has-text-color\"><strong>XINIX FreeBact\u00ae Surface<\/strong><br>On a besoin de tr\u00e8s peu, environ la moiti\u00e9 du volume pour d\u00e9sinfecter les surfaces par rapport aux produits \u00e0 base d&rsquo;alcool et cela prend moins d&rsquo;une minute.<\/p>\n\n\n\n<p><strong>La d\u00e9sinfection \u00e0 base d&rsquo;alcool<\/strong> n&rsquo;a aucun effet sur les virus nus ou les bact\u00e9ries sporul\u00e9es, qui sont une cause majeure d&rsquo;infections li\u00e9es aux soins de sant\u00e9 qui tuent 4 personnes chaque jour en Su\u00e8de. Les produits d\u00e9sinfectants \u00e0 base d\u2019alcool peuvent \u00e9galement causer des douleurs et des tensions aux mains, ce qui peut entra\u00eener des difficult\u00e9s \u00e0 enfiler des gants de protection, ainsi qu\u2019un inconfort g\u00e9n\u00e9ral.&nbsp;<\/p>\n\n\n\n<p><strong>Les produits Xinix sont environ 5 fois plus efficaces que les d\u00e9sinfectants \u00e0 base de chlore et 3 fois plus efficaces que les d\u00e9sinfectants \u00e0 base d&rsquo;alcool.<\/strong><\/p>\n\n\n\n<p><em>Voir le tableau ci-dessous pour une comparaison avec le chlore, l&rsquo;alcool, le peroxyde d&rsquo;hydrog\u00e8ne, l&rsquo;extrait de tr\u00e8fle, l&rsquo;ozone, les quats et l&rsquo;argent collo\u00efdal.<\/em><\/p>\n<\/div>\n\n\n\n<div class=\"wp-block-column is-layout-flow wp-block-column-is-layout-flow\" style=\"flex-basis:25%\"><\/div>\n<\/div>\n\n\n\n<div class=\"wp-block-columns is-layout-flex wp-container-core-columns-is-layout-9d6595d7 wp-block-columns-is-layout-flex\">\n<div class=\"wp-block-column is-layout-flow wp-block-column-is-layout-flow\"><\/div>\n\n\n\n<div class=\"wp-block-column is-layout-flow wp-block-column-is-layout-flow\" style=\"flex-basis:50%\">\n<figure class=\"wp-block-image size-large\"><img loading=\"lazy\" decoding=\"async\" width=\"1024\" height=\"726\" src=\"http:\/\/enduro-premium.com\/xinix\/wp-content\/uploads\/2023\/10\/comparaison-1024x726.jpg\" alt=\"\" class=\"wp-image-1441\" srcset=\"https:\/\/enduro-premium.com\/xinix\/wp-content\/uploads\/2023\/10\/comparaison-1024x726.jpg 1024w, https:\/\/enduro-premium.com\/xinix\/wp-content\/uploads\/2023\/10\/comparaison-300x213.jpg 300w, https:\/\/enduro-premium.com\/xinix\/wp-content\/uploads\/2023\/10\/comparaison-768x545.jpg 768w, https:\/\/enduro-premium.com\/xinix\/wp-content\/uploads\/2023\/10\/comparaison-1536x1089.jpg 1536w, https:\/\/enduro-premium.com\/xinix\/wp-content\/uploads\/2023\/10\/comparaison.jpg 1950w\" sizes=\"auto, (max-width: 1024px) 100vw, 1024px\" \/><\/figure>\n<\/div>\n\n\n\n<div class=\"wp-block-column is-layout-flow wp-block-column-is-layout-flow\"><\/div>\n<\/div>\n","protected":false},"excerpt":{"rendered":"<p>Quelle est la diff\u00e9rence entre Xinix et les autres produits ? Inactive TOUTES les bact\u00e9ries, virus et champignons. Eau XINIX FreeBact\u00ae | Drink &amp; TankLa grande diff\u00e9rence entre notre produit &#8230;<\/p>\n","protected":false},"author":1,"featured_media":1354,"parent":1313,"menu_order":2,"comment_status":"closed","ping_status":"closed","template":"template-fullwidth-stretched.php","meta":{"footnotes":""},"class_list":["post-1366","page","type-page","status-publish","has-post-thumbnail","hentry"],"_links":{"self":[{"href":"https:\/\/enduro-premium.com\/xinix\/index.php\/wp-json\/wp\/v2\/pages\/1366","targetHints":{"allow":["GET"]}}],"collection":[{"href":"https:\/\/enduro-premium.com\/xinix\/index.php\/wp-json\/wp\/v2\/pages"}],"about":[{"href":"https:\/\/enduro-premium.com\/xinix\/index.php\/wp-json\/wp\/v2\/types\/page"}],"author":[{"embeddable":true,"href":"https:\/\/enduro-premium.com\/xinix\/index.php\/wp-json\/wp\/v2\/users\/1"}],"replies":[{"embeddable":true,"href":"https:\/\/enduro-premium.com\/xinix\/index.php\/wp-json\/wp\/v2\/comments?post=1366"}],"version-history":[{"count":11,"href":"https:\/\/enduro-premium.com\/xinix\/index.php\/wp-json\/wp\/v2\/pages\/1366\/revisions"}],"predecessor-version":[{"id":1484,"href":"https:\/\/enduro-premium.com\/xinix\/index.php\/wp-json\/wp\/v2\/pages\/1366\/revisions\/1484"}],"up":[{"embeddable":true,"href":"https:\/\/enduro-premium.com\/xinix\/index.php\/wp-json\/wp\/v2\/pages\/1313"}],"wp:featuredmedia":[{"embeddable":true,"href":"https:\/\/enduro-premium.com\/xinix\/index.php\/wp-json\/wp\/v2\/media\/1354"}],"wp:attachment":[{"href":"https:\/\/enduro-premium.com\/xinix\/index.php\/wp-json\/wp\/v2\/media?parent=1366"}],"curies":[{"name":"wp","href":"https:\/\/api.w.org\/{rel}","templated":true}]}}